{"id":539,"date":"2025-07-02T09:55:09","date_gmt":"2025-07-02T09:55:09","guid":{"rendered":"https:\/\/ride-agency.ro\/madidentclinic\/?page_id=539"},"modified":"2025-07-02T09:56:09","modified_gmt":"2025-07-02T09:56:09","slug":"politica-de-cookies","status":"publish","type":"page","link":"https:\/\/ride-agency.ro\/madidentclinic\/politica-de-cookies\/","title":{"rendered":"Politica de cookies"},"content":{"rendered":"\t\t<div data-elementor-type=\"wp-page\" data-elementor-id=\"539\" class=\"elementor elementor-539\" data-elementor-post-type=\"page\">\n\t\t\t\t<div class=\"elementor-element elementor-element-6d602a1 e-flex e-con-boxed e-con e-parent\" data-id=\"6d602a1\" data-element_type=\"container\">\n\t\t\t\t\t<div class=\"e-con-inner\">\n\t\t<div class=\"elementor-element elementor-element-5b21e533 e-con-full e-flex e-con e-child\" data-id=\"5b21e533\" data-element_type=\"container\">\n\t\t\t\t<div class=\"elementor-element elementor-element-5bc4b40 elementor-widget elementor-widget-heading\" data-id=\"5bc4b40\" data-element_type=\"widget\" data-widget_type=\"heading.default\">\n\t\t\t\t<div class=\"elementor-widget-container\">\n\t\t\t\t\t<h2 class=\"elementor-heading-title elementor-size-default\">Politica de Cookies \u2013 Madident Clinic S.R.L.\n<\/h2>\t\t\t\t<\/div>\n\t\t\t\t<\/div>\n\t\t\t\t<div class=\"elementor-element elementor-element-6ef3af7f elementor-widget-mobile__width-inherit elementor-widget elementor-widget-text-editor\" data-id=\"6ef3af7f\" data-element_type=\"widget\" data-widget_type=\"text-editor.default\">\n\t\t\t\t<div class=\"elementor-widget-container\">\n\t\t\t\t\t\t\t\t\t<p>Website-ul Madident Clinic S.R.L. utilizeaz\u0103 fi\u0219iere cookie pentru a oferi o experien\u021b\u0103 c\u00e2t mai pl\u0103cut\u0103 vizitatorilor.<\/p><p><br \/><strong>1. Ce sunt cookie-urile?<\/strong><br \/>Fi\u0219iere text stocate pe dispozitivul dvs. la accesarea site-ului.<\/p><p><br \/><strong>2. Tipuri de cookie-uri utilizate<\/strong><br \/>&#8211; Cookie-uri necesare (func\u021bionare site)<br \/>&#8211; Cookie-uri de analiz\u0103 (trafic anonim \u2013 ex. Google Analytics)<br \/>&#8211; Cookie-uri de marketing (ex. remarketing Facebook\/Meta)<\/p><p><br \/><strong>3. Controlul utilizatorului<\/strong><br \/>La prima vizit\u0103, vi se cere acordul pentru cookie-uri. Pute\u021bi modifica preferin\u021bele din browser sau din set\u0103rile de pe site.<\/p><p><br \/><strong>4. Ter\u021bi<\/strong><br \/>Putem utiliza servicii externe de analiz\u0103 \u0219i promovare.<br \/>Mai multe informa\u021bii la: madidentclinic@gmail.com<\/p>\t\t\t\t\t\t\t\t<\/div>\n\t\t\t\t<\/div>\n\t\t\t\t<\/div>\n\t\t\t\t\t<\/div>\n\t\t\t\t<\/div>\n\t\t\t\t<\/div>\n\t\t","protected":false},"excerpt":{"rendered":"<p>Politica de Cookies \u2013 Madident Clinic S.R.L. Website-ul Madident Clinic S.R.L. utilizeaz\u0103 fi\u0219iere cookie pentru a oferi o experien\u021b\u0103 c\u00e2t mai pl\u0103cut\u0103 vizitatorilor. 1. Ce sunt cookie-urile?Fi\u0219iere text stocate pe dispozitivul dvs. la accesarea site-ului. 2. Tipuri de cookie-uri utilizate&#8211; Cookie-uri necesare (func\u021bionare site)&#8211; Cookie-uri de analiz\u0103 (trafic anonim \u2013 ex. Google Analytics)&#8211; Cookie-uri de [&hellip;]<\/p>\n","protected":false},"author":1,"featured_media":0,"parent":0,"menu_order":0,"comment_status":"closed","ping_status":"closed","template":"","meta":{"footnotes":""},"folder":[],"class_list":["post-539","page","type-page","status-publish","hentry"],"_links":{"self":[{"href":"https:\/\/ride-agency.ro\/madidentclinic\/wp-json\/wp\/v2\/pages\/539","targetHints":{"allow":["GET"]}}],"collection":[{"href":"https:\/\/ride-agency.ro\/madidentclinic\/wp-json\/wp\/v2\/pages"}],"about":[{"href":"https:\/\/ride-agency.ro\/madidentclinic\/wp-json\/wp\/v2\/types\/page"}],"author":[{"embeddable":true,"href":"https:\/\/ride-agency.ro\/madidentclinic\/wp-json\/wp\/v2\/users\/1"}],"replies":[{"embeddable":true,"href":"https:\/\/ride-agency.ro\/madidentclinic\/wp-json\/wp\/v2\/comments?post=539"}],"version-history":[{"count":7,"href":"https:\/\/ride-agency.ro\/madidentclinic\/wp-json\/wp\/v2\/pages\/539\/revisions"}],"predecessor-version":[{"id":546,"href":"https:\/\/ride-agency.ro\/madidentclinic\/wp-json\/wp\/v2\/pages\/539\/revisions\/546"}],"wp:attachment":[{"href":"https:\/\/ride-agency.ro\/madidentclinic\/wp-json\/wp\/v2\/media?parent=539"}],"wp:term":[{"taxonomy":"folder","embeddable":true,"href":"https:\/\/ride-agency.ro\/madidentclinic\/wp-json\/wp\/v2\/folder?post=539"}],"curies":[{"name":"wp","href":"https:\/\/api.w.org\/{rel}","templated":true}]}}